 of k and 1435?
35
Let l = -25 - -29. Let g(k) = -5 + l*k**2 - 5*k**2 - k + 10*k + 10*k. Let y be g(18). Calculate the greatest common factor of y and 169.
13
Let j be (6 - 0)*6/9. Let t = -59 - -62. Suppose -t*n + 0*n + 6 = 0, 14 = 4*l + n. Calculate the greatest common factor of j and l.
1
Let l = 188 - 188. Suppose l = 4*o - 23*h + 27*h - 416, -3*o + 3*h = -318. Calculate the highest common factor of 75 and o.
15
Let b(h) = -4659*h - 1278. Let d be b(-5). Calculate the greatest common divisor of d and 123.
123
Suppose 0 = -12*m - 127 + 899 - 52. Calculate the highest common divisor of m and 100.
20
Suppose 4*h + 7*y - 9*y - 36 = 0, -4*h + 46 = 3*y. Suppose -h*a + 37 = -63. Calculate the greatest common divisor of a and 890.
10
Suppose 0 = 6*y - 43 - 5. Calculate the greatest common factor of 2320 and y.
8
Suppose 1602 = 9*o - 0*o. Suppose -5*j = o - 918. What is the greatest common factor of 4 and j?
4
Let n = -1759 + 1778. What is the greatest common factor of 3629 and n?
19
Let j(z) = -z**2 + 16*z + 38. Let b be j(18). Let o(q) = 13*q**2 + 2*q - 2. Let g be o(b). What is the greatest common factor of g and 12?
6
Let i(r) = -r**3 - 11*r**2 + 4*r - 15. Let f be i(-13). Suppose -175 = 8*v - f. What is the highest common divisor of 16 and v?
4
Suppose 93*f - 90*f = -5*z + 257, -5*f - 3*z = -423. Calculate the highest common divisor of f and 1554.
42
Suppose 2*z - 4*y = 5696, 4*z - 8226 = y + 3152. Suppose -13516 = -23*g - z. Calculate the highest common factor of g and 16.
16
Let s be 27 + (4 - (0 + -3)). Suppose -o - 3*t - 2*t + s = 0, 0 = 2*o - 3*t - 42. Calculate the highest common divisor of 152 and o.
8
Let a(v) = -v + 19. Let c be a(16). Suppose c*k = 4*t - 10 + 2, 4 = k. Suppose 21 + 29 = t*r. What is the highest common factor of r and 15?
5
Let h(m) = m - 1 - 48*m**2 + 49*m**2 + m. Let k be (-12)/(-30) - (-54)/(-10). Let n be h(k). Calculate the highest common divisor of n and 56.
14
Let f(d) = -7*d + 54. Let u be f(-19). Let t be 6*(3916/(-165) - 4/(-10)). Let y = u + t. What is the greatest common factor of y and 188?
47
Let r be (3492/30)/(8/300) + 11. Calculate the greatest common factor of 56 and r.
8
Suppose 5*a - 106 = l, -3*l + 56 = -73*a + 75*a. Calculate the highest common factor of a and 86.
2
Let u(l) = -l + 7. Let r be u(3). Let t be 8/r - (1 + 0). Let i be (-39)/(-26)*(t + 3). Calculate the greatest common divisor of 30 and i.
6
Suppose -4*t + 1011 = -881. Let y = 8732 - 8689. What is the greatest common factor of y and t?
43
Suppose 2*t + 0*t + r = -73, -4*t = -r + 137. Let m = 45 + t. Calculate the greatest common divisor of m and 140.
10
Let d = 48 + -26. Let w = -186 + 230. What is the highest common factor of w and d?
22
Let a(h) = -h**3 + 11*h**2 + 4*h + 24. Suppose -4*l = 2*x - 7*l - 16, x - 5*l = 8. Let z be a(x). Calculate the greatest common divisor of 8 and z.
8
Suppose 0 = 4*h + 4 + 20. Let t be (-1)/(21/14) + 182/h. Let g = t + 71. Calculate the greatest common divisor of 10 and g.
10
Let h = -3374 + 5996. What is the highest common divisor of h and 228?
114
Suppose 2*h + 164 = 4*d, -3*h - 17 = -5. Calculate the greatest common factor of 4121 and d.
13
Let m be (134 - -6) + (-4 - -4). Suppose -5*u - 126 = -626. Suppose -12 - u = -2*z. Calculate the greatest common divisor of z and m.
28
Suppose 5*o - 660 = -4*l, 2*l + 3*o - 812 = -3*l. Let a be 2 - (0 + 1 + 1). Let f be 19 + ((-1)/(-1) - a). Calculate the highest common factor of l and f.
20
Let p be ((-12)/10)/(7/(-1540)). Suppose 5*m + 3*c - 440 = 0, -c = 74*m - 78*m + 352. Calculate the greatest common factor of p and m.
88
Let c be (-2 + 35/14)*24/1. Let i = 44 - c. Suppose 0 = -3*m - 113 + 497. Calculate the greatest common factor of m and i.
32
Suppose 974*z - 491*z + 288 = 489*z. What is the highest common divisor of z and 1032?
24
Suppose 5*n = -3*w + 361 + 46, 2*n = 4*w - 560. Let y = w - 138. What is the highest common factor of y and 7?
1
Let u(x) = 6*x**2 - 156*x - 309. Let v be u(-2). Suppose -o = 1 - 6. Let z(g) = 4*g - 2. Let q be z(o). What is the greatest common factor of q and v?
9
Let s(u) = 48*u**3 - 62*u**2 + 238*u + 3. Let w be s(4). Calculate the greatest common factor of w and 5.
5
Let h = 1560 + 300. Calculate the highest common divisor of h and 90.
30
Suppose -5*s - 5 = 0, -3*g = s + 2*s + 498. Let f be (-18)/22 - -1 - 465/g. Suppose f*w - 642 + 228 = 0. Calculate the highest common factor of w and 92.
46
Suppose -27*f + 26*f = -5. Suppose -f*x + 70 = -2*q, -2*x + q = -5*x + 53. What is the highest common divisor of x and 8?
8
Suppose -32*v - 172 = -4*j - 26*v, 3*j = -3*v + 114. What is the highest common factor of 1160 and j?
40
Let w be ((-8)/(40/(-15)))/(7/1372). What is the greatest common divisor of 350 and w?
14
Let k(c) = -c**3 - c**2 + 29*c - 31. Let n be k(3). Suppose 21 = 5*t + 316. Let a = t - -109. Calculate the highest common factor of a and n.
10
Let k be 4 - (50/(-20) + (-413)/2). Suppose -7*m + 186 = -k. What is the highest common divisor of 76 and m?
19
Suppose -82*v + 807 = -2883. What is the highest common factor of v and 1315?
5
Let d = 43 + -34. Suppose -4*o = -d*o + 55. Let p(x) = 16*x - 16. Let b be p(o). What is the highest common divisor of 20 and b?
20
Suppose 0 = 34*w - 276243 + 52172 - 261925. Calculate the greatest common factor of 14 and w.
14
Suppose -b + 2*b - 10 = 0. Let l(m) = -2*m**3 - m**2 + 11*m + 6. Let p be l(0). What is the highest common divisor of p and b?
2
Let p(n) = 10*n + 100. Let q(j) = 5*j + 51. Let h(a) = 3*p(a) - 5*q(a). Let y be h(-7). Calculate the highest common factor of y and 80.
10
Let f be (2/(-4))/((-2)/4). Let u be 1/(f/147*3). Let x be (-10)/14 - 203/(133574/(-14288)). What is the highest common factor of x and u?
7
Let h = 3927 + -3819. What is the greatest common factor of h and 468?
36
Suppose s - 21 - 2 = 0. Suppose 2*z - 8 = -2. Suppose 5*l + 5*x - 130 = 0, 5*x + 24 - 108 = -z*l. What is the highest common factor of l and s?
23
Suppose 3*z - 130 + 2 = -5*i, 5*i - 5*z = 120. Let f = -446 + 771. Calculate the highest common divisor of i and f.
25
Let q = -422 - -910. Calculate the highest common divisor of 183 and q.
61
Let g(x) = -x - 17. Let k be g(-11). Suppose 0 = 5*v - 240 - 110. Let r be -1*9/k*v/15. What is the highest common divisor of 49 and r?
7
Let n = 44 - 22. Let c be ((-12)/48*-6)/((-2)/(-308)). Suppose 2*v = -3*d + 94, -4*v - 61 = -3*d - c. What is the greatest common factor of n and v?
22
Suppose 3*h = 48 + 27. Suppose 4*p = -20, 3*d + p - 4*p - 2241 = 0. Let j = d + -717. Calculate the greatest common divisor of h and j.
25
Suppose -3*t + t = -14. Suppose -13*a + 72 = -t*a. Calculate the highest common factor of a and 28.
4
Let s be (-16)/(-28) + 156/21. Let f be 1183 + s + -22 + 7. Calculate the greatest common divisor of 24 and f.
24
Let j(c) be the third derivative of -c**6/24 - c**5/60 - 7*c**4/24 - c**3/2 - 121*c**2. Let z be j(-3). Calculate the highest common factor of 108 and z.
36
Let i = 339 + -294. Suppose 12*u + 9 - i = 0. Suppose 0 = -r + 26 + 7. What is the greatest common factor of r and u?
3
Let k be 37/(296/(-16)) + 48. What is the greatest common factor of 5175 and k?
23
Let m(g) = 28 - 49 + 112 - g. Let u be m(23). Calculate the greatest common divisor of u and 34.
34
Let c be (354/(-3))/(-2 - 0). Suppose 3*p + 5*l - 48 = 0, 3*p - c = -p - 5*l. Suppose p*r - 6*r - 90 = 0. Calculate the highest common divisor of 162 and r.
18
Let h be (-100*(-5 - -4))/1. Let y(o) be the first derivative of 5*o**2 + 5*o - 20. Let m be y(2). What is the highest common divisor of m and h?
25
Let x(k) = -125*k**3 - k. Suppose 6*r - 9 = -15. Let d be x(r). Suppose c = -125 + d. What is the highest common divisor of c and 3?
1
Let m(h) = -h**2 - 17*h + 2. Let w be m(-13). Suppose 59*f - w*f = 285. Let u = -41 - -60. What is the greatest common factor of u and f?
19
Suppose b = -2*l + 48, -5*b = -4*l - 36 - 148. Suppose 38*m + 16 = b*m. Calculate the greatest common divisor of m and 16.
8
Let g = -5266 - -5420. What is the greatest common factor of 286 and g?
22
Let m(a) = -a**2 - 90 + 29 - 25 - 22*a. Let f be m(-12). What is the greatest common divisor of f and 17?
17
Suppose 3*s - 211 = 5*r + 33, -3*s - 3*r = -228. What is the highest common divisor of 